+ 18 + -20?
-4
What is the value of -16 - (-10 - (17 - 8 - 21))?
-18
What is 2 + 22 + -17 - (5 + 0)?
2
Evaluate (1 - 15) + -3 + 0 - 2 - -5.
-14
Calculate -84 + 73 + (2 - -2) + 0 + 1.
-6
Evaluate -19 - ((-14 - -6 - -10) + -1).
-20
What is 0 + -5 + -31 + 41 + -7?
-2
Evaluate 5 + -19 + -8 - -11.
-11
-1 + -1 + (1 + -10 - (2 + -11))
-2
Calculate 24 + (12 - 29) - (2 + -9 + 2).
12
Calculate -13 + (49 - 59) + 0 + -6 + 2.
-27
Calculate 0 + 24 - ((-27 - -34) + 5).
12
6 + (0 - (0 - -5 - 6))
7
29 + -26 + -3 - (1 - -3) - 17
-21
What is (2 - -5 - (5 - 1)) + (-9 - -5)?
-1
What is -10 - (7 + -23) - (5 + -11)?
12
What is the value of (10 - 9 - 1) + 9 - (-5 - 1)?
15
(-17 - (4 + -21)) + 6
6
5 + 2 + -14 - (-1 + 3)
-9
What is the value of -6 + 10 + -7 - (-9 - 1)?
7
Evaluate -7 - (1 - (-2 - (8 - 12)) - -10).
-16
Calculate 30 + -1 - (-206 - -221) - 40.
-26
Evaluate 1 + 4 + 22 + 3 + (3 - 12).
21
What is the value of (-34 + (24 - 16) - -8) + 16?
-2
Calculate 3 - (-17 + 9) - 0.
11
What is (0 + 3 - 7) + -6 + (5 - 8)?
-13
Calculate (0 + 0 - -12) + (337 - 345).
4
Calculate -8 - (-9 - -5) - (1 - 4) - -1.
0
What is the value of 2 + 0 - (238 - 229)?
-7
Calculate -11 - (12 - (-3 + 5)) - (-2 + -4).
-15
What is 2 - -13 - 34 - -12?
-7
What is -296 + 302 - (0 - -1 - -5)?
0
Calculate 9 - (-11 - -2 - -10) - (1 + -8).
15
(3 - -3 - (15 + -1 + -3)) + 14
9
Evaluate -10 + (-18 - -13) + (-4 - -6 - -5).
-8
Calculate -75 - (-44 + -36 - -43).
-38
What is (-3 + 1 - (-74 + 73)) + -6?
-7
Calculate 2 - 31 - (457 + -495).
9
Calculate -5 + (5 - (2 + 8)) - -15.
5
Calculate -15 - (-25 - -12) - (-1 + -3 + 1).
1
Evaluate -22 + 15 + 14 + 0 - 2.
5
Evaluate -22 + 15 - -24 - -6.
23
Calculate 9 - (-14 - (-20 - -11)).
14
What is the value of (0 - (20 + -9)) + -7 + 13?
-5
Evaluate -9 + 4 + 5 + -12 + 2 + 0.
-10
Evaluate 4 + (-6 + (1 - -6) - (-4 - 5)).
14
Evaluate 6 + 0 - (4 + 1 - 10).
11
What is the value of 3 + -31 + 16 + (1 - -5) + -1?
-7
Calculate (57 - 60) + 2 + 1 + -4 - 10.
-14
What is the value of 68 + -76 - (-2 + 0 + 2)?
-8
Calculate 16 + (36 - (-38 - -61)).
29
What is 3 - (77 + -59 - (7 + 0))?
-8
Evaluate (-7 - 6 - -3) + 14.
4
(-2 - (1 - 1)) + (-100 - -102)
0
1 + -12 + ((-9 - -11) + -2 - -6)
-5
What is the value of -16 + (-14 + 15 - -10)?
-5
Calculate -15 - (-3 + (2 - (-6 - -7)) + -4).
-9
What is 0 + -5 + (-14 + 0 - 14) + 4?
-29
Evaluate -20 + (-7 - -11) + (11 + -5 - 2).
-12
What is 5 + 7 + -26 - 6 - 1?
-21
What is (16 + 6 - 15) + -23 + (6 - -2)?
-8
Calculate -11 - (-2 + (14 + -2 - 11)).
-10
What is -22 + 20 + -4 + 8?
2
What is the value of (0 - -4 - (-22 - -47 - 24)) + -13?
-10
Evaluate -3 - 27 - (-29 + (16 - -1)).
-18
Evaluate 3 + -3 + 3 + 6 + -5 - 7.
-3
What is -13 + (-10 - -10) + 2 + -2 + 8?
-5
What is (8 - 5 - 3) + 38 + -38?
0
What is 0 - -23 - 13 - 20?
-10
Calculate 0 - (-5 - 0 - (29 + -36)).
-2
Calculate -2 + (-6 - -2 - 1) + 7.
0
(7 - (13 - 12)) + (4 - 7 - 15)
-12
42 + (-45 + 33 - 42)
-12
Evaluate (-14 - -7 - (13 - 17)) + 10.
7
What is -16 - (1 + 7 - (36 + 16))?
28
Evaluate -41 - (-32 + 5 - 33).
19
What is the value of (0 + (7 - -2) - 1) + -18 - 5?
-15
What is the value of (-17 - -21) + -3 + 15 + -7?
9
Calculate -13 + -11 + (-4 - -26).
-2
1 + -11 + 11 + (2 + -5 - 8)
-10
-5 + 0 + -3 + (-10 - -16)
-2
What is -26 - (7 + (-4 - 15) + -3)?
-11
Evaluate -1 - 3 - 2 - (16 + -26).
4
Evaluate (-2 - -34) + (108 - 123).
17
What is -29 + 10 - ((-4 - -4) + 7)?
-26
Evaluate 33 + -37 - (4 - (2 - -8)).
2
What is -113 - -114 - (2 + -10)?
9
What is the value of -8 - 6 - (-27 + 10 - 3)?
6
(2 - 1 - -7) + -32
-24
What is 11 + (-9 + 17 - -3) + -32?
-10
Evaluate -12 - (6 - (11 - -2)).
-5
Calculate 0 + 17 - (499 - 497).
15
Evaluate -8 + 35 + -38 + 5 + 2.
-4
What is 4 - -6 - (8 - (3 + -19))?
-14
What is -793 - -795 - (1 - (-2 - (0 - -2)))?
-3
What is (16 - (4 + -3)) + -5 + -2?
8
-26 + (11 + (2 - -1) - 9) + -3
-24
10 + (-1 + 7 - 16)
0
What is -9 + 3 + (-2 + 7 + -5 - 0)?
-6
Evaluate -10 + (-7 + 8 - -7).
-2
Calculate 12 - (14 - 5 - (12 - 2)).
13
Calculate (-1 - -8) + (14 + 0 - (0 - -34)).
-13
What is the value of (-312 - -309) + -2 + (0 - 10) - -1?
-14
What is the value of -11 + (0 - 14 - -14)?
-11
Evaluate 4 + -21 - (8 + 12 - 23).
-14
-12 + 21 - -11 - 14
6
Evaluate 5 + (13 + (-7 - -1) - 31) + 4.
-15
Evaluate 196 - 185 - (22 - 1).
-10
Evaluate 1 + -6 + (152 - 135).
12
What is 5 + (-32 - 5) - (-20 + -4 - -29)?
-37
-3 + (6 + -1 - 4)
-2
What is the value of 35 - 30 - (2 + 6 - 2)?
-1
What is the value of 7 - (4 - (2 + 8) - (15 - 32))?
-4
What is the value of -1 - 0 - (30 + -35 - -6)?
-2
-4 + -4 + 8 + -8 + 6
-2
Calculate 0 + 0 + 3 + -7 - (205 + -206).
-3
Evaluate -9 - ((0 - -1) + (-11 - 0 - -6)).
-5
What is the value of (10 + -8 + 9 - 2 - 4) + -18?
-13
What is -25 - (-19 - (-12 - 4))?
-22
What is the value of (-16 - 1) + -2 - (20 - (50 + -30))?
-19
Calculate -11 + 1 - (-1 + (-5 - 5)).
1
What is the value of -2 + (17 - 9) - -1 - 8?
-1
Evaluate 59 + -73 + (59 - 25).
20
(-1 - (-1 + 7)) + 9 + 7
9
Calculate -26 + (16 - 3) + -16 + 3.
-26
What is the value of 8 + -1 + -11 + 2?
-2
0 + 16 + -16 + 0 + 3 + -2
1
8 - (-5 - (14 - 17))
10
What is 4 + (2 - (-17 + 6 + -2))?
19
What is the value of (-14 + 13 - -4) + -12?
-9
Evaluate (-1 - ((-6 - -2) + 7 - 31)) + -2.
25
Evaluate (37 - (-11 + 33)) + -1.
14
Calculate -19 + 1 + -42 + 49 + (-1 - 0).
-12
-11 - (-9 - -9 - (-2 - -6))
-7
Calculate (-11 + 0 - (-9 + -12)) + -6.
4
Evaluate 2 + 4 + (-26 - -30).
10
Evaluate -26 - (14 + -64 - -25).
-1
What is -16 - (-30 + 23) - -33?
24
Evaluate -1 - 13 - (-15 + 25 + -17 + 0).
-7
Calculate -10 + (-6 - -35) + -18.
1
Calculate 43 - (41 - (0 - -16)).
18
What is 72 - (-3 + 33 + 13)?
29
-22 + (6 - -3 - 2)
-15
Evaluate 16 + 1 + -1 + 67 + -77.
6
12 + (8 - 7 - 9) + 0 - -5
9
Calculate (2 - 6) + (-4 + 1 - -3).
-4
Calculate -2 - (1 + -3) - (21 + -17).
-4
Calculate (24 - 27) + 8 + 6 + 0.
11
-47 + 18 + 30 - (-2 - (2 - 4))
1
What is -33 + (18 - (-8 - -8))?
-15
What is 36 + -24 - (6 + 0)?
6
30 + (-10 - (-29 + 44))
5
What is 35 + -16 + (1 - 18) + -24?
-22
What is the value of -2 + 0 - (21 - 5 - 25)?
7
What is -9 - 0 - (-5 + -47 + 32)?
11
What is the value of 9 + 1 + -6 + (4 - 3) + -4?
1
Calculate 3 - ((193 + -207 - (5 - 0)) + 8).
14
95 - 90 - (8 - (4 - 2))
-1
-28 + 29 + (-21 - -16)
-4
What is the value of -8 + 8 - -7 - (-22 + 14)?
15
1 + 1 + -18 + -1 + 29
12
Calculate -1 - (-1 + 4) - (798 - 801).
-1
What is the value of -3 + 2 + -2 - (-23 - -27) - 8?
-15
What is the value of 10 + (-4 + -15 - -4) - (7 - -1)?
-13
(-20 - -16) + ((4 - 1) + 2 - 8)
-7
(21 - (-1 + 6)) + -30
-14
Evaluate 2 + -26 + (14 - 15 - -6).
-19
Evaluate (28 - 16 - 1) + -23.
-12
What is (5 - 2) + -5 - 2 - (9 + -13)?
0
-24 + 4 - (1 + -7) - -30
16
What is the value of 121 - 120 - (3 + 9 + 2)?
-13
Evaluate 29 + -32 + 14 + (-25 - -1).
-13
What is the value of (-13 - 0) + 34 + -10?
11
56 + -53 - (-5 - (-6 + 1) - -7)
-4
What is the value of (-3 - -1) + 13 + -4 + 1 + -5?
3
Evaluate (-12 - -10) + 5 - (0 - 1).
4
Evaluate -1 + 21 - (-227 + 257).
-10
What is the value of 6 + -14 + 7 + 3 + (0 - 5)?
-3
-114 + 118 - (1 - 9)
12
Evaluate 8 + 11 + -36 + (0 + -1 - -7).
-11
What is 1 + -2 + -2 + 9 - (45 + -26)?
-13
Evaluate (11 - (11 + -2 - 5)) + 2.
9
What is (23 - 15) + -11 + 5 - 33?
-31
3 - 17 - -3 - -3
-8
What is 20 + (40 - 3) + -26?
31
Evaluate (-217 - -216) + 1 + 0 + -5 + 22.
17
Calculate (0 - 6 - (-8 - -2 - 0)) + 7.
7
Calculate -1 + 20 + -51 - -49.
17
(4 + 1 - (-4 + 3 - -2)) + 10
14
What is the value of 0 + 3 + 6 + (-13 - -2) + -6?
-8
Calculate 19 + -5 + -31 + -2.
-19
Calculate 9 - -2 - (-7 + 59 - 42).
1
-4 - (7 + -12 + 11 - (-2 + 24))
12
What is the value of 29 - (27 - (-9 - -23))?
16
What is the value of (-10 - 13 - -20) + (-4 - -4) - 22?
-25
10 + -47 + 13 + 25
1
Calculate -1 + 36 + (24 - 17) + (10 - 19).
33
Calculate -8 + 0 + -3 + (-2 - 3).
-16
2 + (-37 + 15 - -31) - (6 - 0)
5
(3 - 2 - 9) + 3 + 1 + -3
-7
Evaluate -30 + -32 + 62 - -24.
24
What is 0 + -1 + -1 + -17 + 8 + 2?
-9
Evaluate -2 - (-8 + -6 + (7 - (-1 + 2))).
6
Evaluate 2 + -24 + (1 - -15) - (2 + -28).
20
Evaluate -2 + -8 - (-10 + 11 + -16).
5
What is the value of -3 + (2 - 8 - (-3 + -18)) - 5?
7
What is (9 - 13) + (1 - (1 - (-3 + 4)))?
-3
What is (3 - 1) + (-63 - -44)?
-17
What is (-33 + 10 - -84) + -29?
32
What is ((2 - -3) + -2 - (-86 - -99)) + 4?
-6
What is